 n(o) = 12*o**2 - 6*o + 10*o - 26*o + 25. Let l(v) = -8*v**2 + 15*v - 17. Let d(j) = 7*l(j) + 5*n(j). Calculate the remainder when d(4) is divided by 13.
11
Let z = 62 + 26. Suppose 4*l - 5*m - 345 = 85, -2*l + 4*m + 212 = 0. Let i = -80 + l. What is the remainder when z is divided by i?
28
Let h = 81 + -46. Let f = 109 + -69. Let j = f - 31. Calculate the remainder when h is divided by j.
8
Suppose 89*v - 102*v = -325. Calculate the remainder when 410 is divided by v.
10
Let p(l) = -l**3 + 20*l**2 - 16*l - 25. Let w be (-633)/(-33) - (-8)/(-44). What is the remainder when 61 is divided by p(w)?
29
Suppose 7*m = 2*m + 55. Suppose -505 = -m*h + 6*h. Suppose -3*y + h = y - 5*c, -5*y = 3*c - 117. Calculate the remainder when y is divided by 9.
6
What is the remainder when 92 is divided by 16/24 + 26/6?
2
Suppose 5*p - 3*v - 108 = 0, -4*v = 8*p - 5*p - 88. Calculate the remainder when p is divided by 13.
11
Let r = -378 + 413. Calculate the remainder when r is divided by 2*(4 - -3) - 2.
11
Suppose 5*x + 0 = -5. Let g = -11 + 14. Calculate the remainder when ((-2)/x)/((-10)/(-15)) is divided by g.
0
Suppose -4*l + 33 = 3*g - 2*g, 192 = 4*g + 4*l. Let z = -10 + g. Calculate the remainder when 125 is divided by z.
39
What is the remainder when 13 is divided by (280/(-910))/(2/(-13))?
1
Let f(k) = 6*k**2 - 7*k + 9. What is the remainder when f(5) is divided by 63?
61
Let v be (-9*(-3)/18)/(-3)*12. Let o = v - -59. What is the remainder when o is divided by 28?
25
Suppose u - 2 = -4*q + 13, -2*q - 4*u + 18 = 0. Suppose 5*g + q*i = i + 13, -16 = -4*i. Suppose g = c - 6. Calculate the remainder when 12 is divided by c.
5
Let d(j) = -j**3 - 6*j**2 - j - 5. Let h be d(-6). Calculate the remainder when 131 is divided by 43 - ((-2)/(2 - 0))/h.
43
Suppose -666 + 398 = -4*a. What is the remainder when 265 is divided by a?
64
Let c = 82 - 85. Calculate the remainder when 12 is divided by 7 + (33/(-9) + 4)*c.
0
Suppose -4 + 16 = 2*r. What is the remainder when r is divided by (4 - 1)*2/2?
0
Suppose -i = -4*z - 9, -3*i + 2 = -5*z - 4. Let c(s) = -5*s**3 - 4*s**2 - s + 4. What is the remainder when c(i) is divided by 27?
25
Let g(v) = -3 - 1 + 51*v - 171*v. Let s be g(-2). Suppose 3*m - s = -2. What is the remainder when m is divided by 20?
18
Let q(i) = 18*i - 97. Calculate the remainder when 232 is divided by q(8).
44
Suppose -24*o - 6 = -390. Suppose 5*x - 79 = -3*w, 0*x + 4*x = 2*w - 60. What is the remainder when w is divided by o?
12
Suppose -26*w + 827 = -187. Suppose -t + 6 = -0. What is the remainder when w is divided by t?
3
Let g be -3 - ((-45)/5 - -4). Let w be 228/16 - g/8. Let m = 28 - w. Calculate the remainder when 27 is divided by m.
13
Let f = -254 + 289. What is the remainder when f is divided by 13?
9
Let b(c) = c**2 + 2*c - 20. Let x be b(-14). Let p = -128 + x. Calculate the remainder when 39 is divided by p.
19
Suppose -2*w + 47 = 1. Suppose -4*n - 15 = -3*h + w, 2*h - 4*n = 24. What is the remainder when 39 is divided by h?
11
Suppose u + 2 = -2*x + 1, -9 = -u + 3*x. Suppose 0 = 4*l + 2*c - 24, -5*l + 29 = -0*c + u*c. Calculate the remainder when 27 is divided by l.
6
Let d = 765 - 290. What is the remainder when d is divided by 154?
13
Let k(j) = j**3 - 9*j**2 + 6*j + 8. Let t be k(9). Suppose -54 = -4*a + t. Suppose -7*r + 104 = -a. Calculate the remainder when r is divided by 5.
4
Suppose 5*x - x - 2*y = 46, 4*y = -4*x + 28. Let c = 12 + x. What is the remainder when c is divided by 14?
8
Let b(m) = -117*m**3 + m**2 - 4*m - 4. Calculate the remainder when b(-1) is divided by 5.
3
Suppose 2*m - 96 = -0*m. Let d = m - 29. Calculate the remainder when (0 + 3/(-3))*-37 is divided by d.
18
Let l = -40 - -56. Let g = 3 + l. What is the remainder when g is divided by 5?
4
Let w(r) = -2*r**2 + 9*r + 2. Let j be w(-8). Let v = 337 + j. Suppose -v + 55 = -3*c. What is the remainder when c is divided by 6?
4
Suppose -62*t - 48 = -68*t. What is the remainder when t is divided by 5?
3
Suppose -4*k + 58 = -2*y, 3*k - 7*y - 56 = -3*y. What is the remainder when 78 is divided by k?
6
Suppose -3*u - 3*n + 100 + 107 = 0, -3*n = 5*u - 349. Calculate the remainder when u is divided by 22.
5
Let t be -814*1/(-5) - 15/(-75). Suppose -357 = -4*z + t. Calculate the remainder when z is divided by 33.
31
Suppose 0 = -2*d + 50 + 14. Suppose -3*n + 2*y + d = -316, 5*n + y - 593 = 0. What is the remainder when n is divided by 30?
28
Let l(v) = -3*v**2 + 56*v - 39. Calculate the remainder when l(16) is divided by 40.
9
Suppose -57*b + 5211 - 537 = 0. What is the remainder when b is divided by 1?
0
What is the remainder when (-93)/(-2)*46/69 is divided by ((-18)/2)/((-1)/2)?
13
Let v be 10 - (0 - (-4 - -1)). Suppose -16 = -v*c + 6*c. What is the remainder when 29 is divided by c?
13
Let k(c) = c + 3. Let d be k(-3). Suppose d = 3*b - 11*b + 600. Calculate the remainder when b is divided by 26.
23
Let s(b) = b**3 + b. Suppose 3 = -o - 5*g, 2*o = -0*o - 5*g - 1. Suppose 75 = o*z - 3. Calculate the remainder when z is divided by s(2).
9
Suppose 4*a = 15*a - 1331. Calculate the remainder when a is divided by 43.
35
Let o be (1 - -1)/((-10)/(-55)). Suppose -12 = -2*u - 2*m, 9 + o = 4*u + 2*m. Suppose 7*h - u*h - 12 = 0. Calculate the remainder when h is divided by 4.
0
Let g(r) be the third derivative of -7*r**4/6 - 5*r**3/3 - 2*r**2. Calculate the remainder when g(-3) is divided by 19.
17
Let r be 3*(-30)/18*(-4)/5. What is the remainder when (-2)/r - (-285)/6 is divided by 17?
13
Let v(y) = 3*y + 14 - 7 + 0*y - 8 - 2*y**3 - 4*y**2. Calculate the remainder when 99 is divided by v(-4).
48
Let z = -6 + 2. Let d(c) = 10*c**2 - 19*c - 10. Let p(g) = -3*g**2 + 6*g + 3. Let n(f) = z*d(f) - 14*p(f). What is the remainder when n(6) is divided by 12?
10
Suppose -15 = -0*s - 3*s, -3*s + 31 = 2*h. Let t(j) = -3*j + j + h + 0*j - 4*j. Calculate the remainder when t(-11) is divided by 15.
14
Let h(t) = 7*t**3 + 24*t**2 + 2*t + 7. What is the remainder when h(-3) is divided by 5?
3
Calculate the remainder when (-4812)/(-150) + 4/(-50) is divided by 5.
2
Let o(v) = v**2 - 12*v - 117. What is the remainder when 44 is divided by o(-7)?
12
What is the remainder when 25 is divided by (5/(-15))/(-1) - 203/(-21)?
5
Let d(h) = -h**2 - 8*h - 11. Let u be d(-6). What is the remainder when ((-12)/14)/(27/(-126)) is divided by u + (-2)/(-3)*3?
1
Calculate the remainder when 45 is divided by (-3 + -2)/(3 - (-16)/(-5)).
20
What is the remainder when 4749/30 + (-24)/80 is divided by 31?
3
Suppose -87*u + 33 = 3*f - 82*u, -5*f + 3*u = -55. What is the remainder when 118 is divided by f?
8
Let y(p) = -p**2 - 6*p + 58. Let h be y(-11). Suppose 2*d = 4*n + 190, -2*d + d - h*n = -70. What is the remainder when d is divided by 22?
19
Let t(f) = 16*f**2 - f + 14. Let u = -3 + 3. Suppose 4*n - 18 - 2 = u. Calculate the remainder when t(0) is divided by n.
4
Let v(l) = -153*l**3 - 3*l - 2. What is the remainder when v(-1) is divided by 78?
76
Let i = -69 - -154. Calculate the remainder when i is divided by (-820)/(-30) + -5 + 3/(-9).
19
Let i(t) = -6*t + 54. What is the remainder when 753 is divided by i(-12)?
123
Let l(u) = u**3 - 10*u - 2*u**2 + 13*u - 17 + 16*u**2. What is the remainder when l(-13) is divided by 19?
18
Suppose 5*s + 6*b - 28 = 2*b, -b + 21 = 3*s. Suppose -7*h - 33 = -s*h. Calculate the remainder when 130 is divided by h.
31
Let k = 616 + -612. Calculate the remainder when 15 is divided by k.
3
Let n = 17 + -10. What is the remainder when ((-12)/(-24))/(2/92) is divided by n?
2
Let g = 5 + -3. Let t = g + 2. Suppose 56 = t*l + 16. Calculate the remainder when 29 is divided by l.
9
Suppose 0 = 3*g + 6 - 18. Let l be g/6 + 10/(-15). Suppose l*p + 385 = 5*f + 5*p, -2*p = 8. Calculate the remainder when f is divided by 17.
13
Suppose 3*q - 4 = 2*q. Suppose -q*k + 5*k = 15. What is the remainder when 46 is divided by (-1 - (-3 + 5)) + k?
10
Suppose 34*x = 4111 - 1289. What is the remainder when 1077 is divided by x?
81
Suppose -22*u + 3*z = -17*u - 62, -2*u = -5*z - 40. What is the remainder when 120 is divided by u?
0
Let s = 5 + -7. Let a = s - -4. Suppose 0 = 95*x + 47*x - 219 - 65. Calculate the remainder when x is divided by a.
0
Let v(q) = -5*q + 9. Let l be v(3). Calculate the remain